 7)))
-71
What is the value of -6 + 7 + (-424 + 393 - (71 + -1))?
-100
7 + (-7 - (-15 - -7)) - -47 - (-17 - -25)
47
What is -5 + (51 - 23) + 24?
47
What is 141 + -53 + -63 + 19 + -1 + 0 + 1?
44
What is 11 + (-37 - 9) + 23 + -10 + -31?
-53
Calculate (0 - -39 - 15 - -14) + -34.
4
34 - (12 + (27 - (-2 + 66)))
59
What is (-7 - 16) + 3 - (11 + -7 - -1)?
-25
What is -6 - 2 - (60 + -4 + -8 + 6) - -1?
-61
Calculate (-3 - -2) + -15 - (-66 + -27 - -127).
-50
What is 51 + 5 - 5 - (1 - -14)?
36
(-2 + 13 - (-40 - (-40 - -22))) + -3 + -4
26
Evaluate -6 + (-9 + -37 - -25).
-27
Evaluate 6 + (0 + 95 - (175 + -191)) + -1.
116
Evaluate -9 - (61 + (25 - (-10 - (-5 - 25)))).
-75
What is the value of 86 + -19 + 24 + 13 + -3 + -11?
90
What is (9 - -43) + -35 + (4 - -29)?
50
What is 60 + -2 - (691 - 619)?
-14
(54 - 54) + (1 - 11) - (-214 + 131)
73
339 - 331 - (-5 - -60)
-47
What is (1 + -16 - -28) + -26 + 48 - 10?
25
Evaluate 11 - -1 - ((8 + -18 - 5) + 9).
18
What is the value of 19 + (-16 - 7) + 13 + (1 - -4)?
14
What is 38 + (13 - 0) + -14 + 5?
42
(5 - 3) + (-11 - (-41 - -26))
6
What is the value of 23 + -30 + 41 + 0 + 7 + -4?
37
What is the value of -6 + (0 + 1 - (11 - (-9 - -24)))?
-1
What is the value of 3 + (18 - (73 - 77))?
25
What is 29 - ((5 - (-10 + -6) - 8) + -1)?
17
Calculate (-16 - (-18 + 16 + -22)) + 20.
28
What is the value of 0 - ((-34 - -37) + -9 + (-2 - 3))?
11
What is the value of -16 + (-59 + -5 + 44 - 88)?
-124
What is the value of 1 - -1 - (98 - 106 - (-4 - (15 + -1)))?
-8
What is -23 + -11 - 5 - (-38 + 25 - (-6 - -1))?
-31
Evaluate (8 - (14 + -10 + 0)) + -18 + 6 + 3.
-5
Evaluate 14 + -125 + 109 - 70.
-72
Evaluate (-20 - 2) + 27 + 21 + -39 + 4.
-9
Calculate (-67 - (30 + -99)) + -25.
-23
Calculate -172 + 163 + 19 + -9 + -12 + 3 + 2.
-6
Calculate -15 - (11 - 25) - (-62 - (6 - -1) - 0).
68
What is the value of -7 + 0 + -4 + (-11 - -22)?
0
What is (-75 - -243 - 23) + -36 + -3?
106
What is 0 - 75 - (49 + -64 - -43)?
-103
Evaluate -30 + (-69 - -134 - 151).
-116
Calculate -47 - (22 - (-9 + -7 - -32 - 1)).
-54
What is 0 + -4 - 3 - (404 + -404 - (65 - -2))?
60
Evaluate -38 + 1 - ((-23 - -17) + -44 + 45).
-32
(-226 - -169) + -34 + 154
63
What is the value of -4 + 12 + (-3 - (88 - (10 + 7)))?
-66
Evaluate -1 - -98 - (4 - (-4 + 26) - -14) - 13.
88
Calculate (5 - 6 - 2) + (-12 - (43 + 10 + 7)).
-75
-3 - 71 - -127 - (0 - 0 - 15)
68
What is -2 + -16 - ((-9 - -6 - 29) + 18)?
-4
What is the value of 1604 + -1545 + 1 + 5?
65
(6819 - 6840) + (82 - 1)
60
-92 + (10 - (23 + -15) - -4) + 1
-85
What is the value of -190 + (119 - 57) + -10 + 3 + -8?
-143
Calculate (62 - 61) + (118 - (11 - -9 - 11)).
110
What is 35 + -75 + (12 - (-2 + -3)) - 1?
-24
(38 - 45) + 30 + -20
3
Evaluate 1390 + -1419 - (3 + 11).
-43
-32 + (2 - 3) + -39
-72
Evaluate -32 + (140 - 36) + (6 - (-2 - -16)).
64
(15 - (-7 - 46)) + -5 + 0 + -1
62
What is -146 - (11 - 77) - (1 + 0)?
-81
Evaluate -61 - (44 + -68) - -37 - (-99 + 2).
97
-10 + 121 + -2 - (7 + (-3 - (5 + -6)))
104
Evaluate 2 + -2 - 5 - (1895 + -1946) - -16.
62
Evaluate 119 + -144 + 225 + -214.
-14
What is (43 - 6) + 183 + -261?
-41
What is the value of -11 - (16 - (-10 - (-8 - -3)))?
-32
What is the value of -17 - -42 - (-1 - -28 - 18)?
16
-16 + (28 - (0 + (-11 - -25))) - -9
7
Evaluate (6 - 8) + -34 + (1 - -16).
-19
What is the value of -1 - -20 - (-113 - (-41 + -113))?
-22
6 + 34 + -19 - 11
10
What is (-12 - (-23 - (-11 - 1)) - 4) + -75 - -10?
-70
Evaluate (121 - (51 + 87)) + -1 + 64.
46
Evaluate 7 - (2 - (27 + -28 + 12)).
16
Calculate -3 + (-70 - 4) - (22 + 2 + -33 - 7).
-61
43 - (-31 + -10 + 28 - (0 - 12))
44
Calculate (-22 - (-7 + -1) - (6 - (-7 - -15))) + 60.
48
Calculate 35 - (2 - -34 - -32).
-33
18 + -2 + -2 + 18 + -37
-5
Evaluate (-74 - -1) + -22 + 22 - (43 - 41) - 7.
-82
Evaluate -2 + 0 + -475 + 471 - 51.
-57
Calculate -29 - (-25 + -2 - (-779 + 724)).
-57
What is the value of 28 + 8 - -7 - 74?
-31
What is the value of 21 + 0 + 416 + -472 + 15?
-20
53 + 1 - (-5 + 7 + 0 - -8)
44
Evaluate 13 - ((46 - -16 - 19) + -24).
-6
What is the value of (5 - (0 - (-7 + -1 + (-2 - -13)))) + 10?
18
What is the value of 16 + 2 + -4 - -18 - (-13 + 0)?
45
What is the value of (3 - 4 - 9) + (-766 - -712)?
-64
What is -8 - 23 - 0 - (34 - 63)?
-2
-32 + 5 + (7 - -4) + (11 - 11)
-16
Evaluate 107 + 83 - 107 - 17.
66
-11 + (13 - 18) + 17 + -21
-20
What is 25 + (-7 - (29 + -70 + -22))?
81
-3693 - -3646 - (1 + -53)
5
Evaluate 54 - ((3 - 5) + -13 + 419 + -393).
43
-14344 + 14373 + (-2 + 1 - (0 + -1 + 3))
26
What is 53 - (-3 - (-8 - (7 - 5))) - (3 + 4)?
39
Calculate -67 - -247 - 167 - (-36 - -1).
48
-5 - (205 + (-251 - -135))
-94
Evaluate -1 + 1 + -82 - (-114 + -72 - -178).
-74
What is the value of (29 - 5) + -20 - (-30 + -4 + 3 - -2)?
33
Calculate -17 + -1 + (-22 + 225 - 194).
-9
What is 1 - (-1 + 33 - (27 + (36 - 60)))?
-28
Calculate (11 - (4 - -3)) + -15 - (-25 - 11).
25
What is (5 - (-2 - (-2 - (-6 - -1)))) + -21 + -52?
-63
What is 12 - ((-59 - -27) + 27 - 38)?
55
What is 52 - ((-52 - -51) + -60)?
113
(-24 - (70 - -37)) + 132
1
Calculate -11 - (-8 - (-58 + 24)).
-37
What is the value of -188 + 159 - (-12 + 3)?
-20
What is the value of (131 - 137) + -1 + (0 - (-1 + 15)) + -2?
-23
What is (9 + -17 + 1 - (1 + -21)) + -4?
9
What is the value of 0 + 1 + (-1 - 1) - (241 + (395 - 668))?
31
What is the value of 40 - -69 - (-394 + 481)?
22
(11 - (5 - -3)) + (-6 - -9 - -94) + -2
98
What is the value of 1 - (-12 + 5) - (5 - (-7 + 2 - -6))?
4
Calculate (7 - 6) + 169 + -178.
-8
Evaluate -6 + (-7 + 2 - (-38 + 46 + 1)).
-20
7 - (15 + -111 - 12) - (-1 + 1 - -12)
103
Calculate (3 + -24 - -38 - 17) + 50.
50
What is -21 + 17 + (-1 - (0 + 2)) + 6 + 2?
1
Calculate 1 + (-9 - 1) + 35 + (-10 - 18) + -25.
-27
Evaluate 37 + -74 - -39 - 28.
-26
Calculate -56 + (34 - 48) - -50.
-20
What is the value of -25 + 121 + -48 + -117?
-69
2 + -1 + -43 - (-36 + 133 + -87)
-52
Evaluate (32 - 1) + (9 + -14 + -16 - -26).
36
Calculate -36 + 33 + 42 + -28.
11
Evaluate 12 + (-70 - (57 + -61)).
-54
Evaluate (22 - (33 - -16)) + (2 - -13 - -1).
-11
Calculate 7 + -16 + -2 + 125 + (2 - (-16 + 12)).
120
-5 + 143 + (0 - -2) + (32 - (40 - 22))
154
14 - (-878 + 983 - (-1 + 31))
-61
-22 - (8 + (-5 - -18) + -6)
-37
-52 + -43 + 31 + 19
-45
What is the value of 7 - (-58 - (55 - (11 + 12)))?
97
What is the value of 3 - (8 + (-2 + 1 - -36))?
-40
What is (-4 - (-7 - -23)) + 54 - 8?
26
6 - (77 + 2 + -65) - (41 + -1 + 0)
-48
What is the value of 10 + 0 - ((-1 - 1) + (187 - 169))?
-6
Evaluate (7 - -29 - 4 - 6) + -3 + -1.
22
Evaluate -1 + (-1 - 13) - -6 - (12 + 2).
-23
Evaluate -49 + 3 + (6 - (-12 + 10 + -3 + 22)).
-57
Calculate (-7 + -1 - (8 + (-4 - (8 + 4)))) + -18.
-18
Calculate 13 - (56 - 59) - (-26 - -45 - (-1 - 1)).
-5
Calculate -6 + 10 + (-11 - -10) + 2 + -29 - 10.
-34
Evaluate -45 + -9 + -2 + 22 + 15.
-19
What is the value of -87 - 0 - 2 - -2 - (762 + -431 + -341)?
-77
What is -13 + 7 + -1 - (126 - (-19 - -36) - -7)?
-123
What is the value of 46 + 1 + (12 - (16 + (-32 - -24)))?
51
What is 6 + (-35 - (-5 + 1) - (11 - 12)) + -6?
-30
3 - (7 + (-46 - -20) + 0)
22
What is the value of -66 + 53 + 41 + 0 + 3 + 1?
32
What is -42 + 2 + -1377 + 1345?
-72
What is 54 + -89 - (-16 + 0) - (2 + -1)?
-20
What is (2 + (1 - -37) - -15) + -10 + (7 - -1)?
53
What is 3 + (51 - 26) + -15 - (-10 - -4)?
19
Evaluate (7 - -2 - (-178 - -205)) + -12.
-30
Calculate 182 + -191 - (5 - (6 + -19)).
-27
What is the value of 17 + (-9 - (49 + 16 + -32) - -1)?
-24
What is the value of 17 - (-42 + 31 + (-25 - -14))?
39
53 + -51 + 19 + 16
37
What is the value of (-368 - -380 - (20 - -1)) + 8?
-1
Evaluate -74 - -1 - -65 - (0 - (-2 + 36)).
26
Evaluate (7 - ((11 - 28) + -9)) + -14.
19
What is the value of 37 - 1 - (1274 - 1256)?
18
7 + -5 + 70 - (-447 + 464)
55
What is the value of (-86 - -3 - -67) + (79 - (2 - 2))?
63
What is the value of 45 + 5 + 1 + -2 - (-560 + 552)?
57
What is the value of -66 + (-24 + 87 - -59)?
56
What is the value of 2258 - 2255 - (1 - 0 - (-5 - -4))?
1
Calculate (1 - -2) + (-2 - (19 + (7 - 15))) + -28.
-38
Calculate (16 - (3 + 5) - 2 - 4) + 23.
25
What is -41 + -29 + 53 - (11 + 3)?
-31
What is the value of -4 + (7 - (-3 - -1)) + (71 - 84)?
-8
Calculate 7 + -1 - ((-6 - -44) + -10 + 7) - 10.
-39
14 + (-70 - 2) + 30 + (2 - 7 - 0)